 - 5/3*v**q - 1/4*v**4 + v**2 + v. What is r(-5)?
-9
Let f(k) = 3*k**3 - 4*k**2 - 2*k**3 + 13*k - 2 - 14*k. Let a(o) = -3*o**3 + 9*o**2 + 3*o + 5. Let j(s) = -2*a(s) - 5*f(s). Give j(2).
14
Let r(h) be the first derivative of h**3/3 - 4*h**2 + 4*h + 3254. Suppose -2*p - 14 = -3*d, -3*p = d - 0*d - 12. Calculate r(d).
-8
Let r(o) = o**2 - 11*o + 11. Let u be (2/4 - 6/(-4)) + (997 - 999). Let c = -4 - -7. Suppose u*a + c*x - 45 = -3*a, -4*a = -2*x - 30. Give r(a).
1
Suppose 6*o = 11*o. Suppose o = -i + 5*i + 8. Let d(g) be the first derivative of g**4/4 - g**2/2 - g + 13. Give d(i).
-7
Let y(m) be the second derivative of m**4/12 - 7*m**3/3 + 17*m**2/2 + m. Let r = -387821 - -387833. Calculate y(r).
-7
Let l(x) be the first derivative of -x**2 - 1/4*x**4 + x - 206 + 0*x**3. Calculate l(1).
-2
Let c(h) = 4*h + 56. Let o be c(-8). Let d be (-74)/9 + o/108. Let j(a) = a + 3. Let k(w) = -1. Let i(z) = 2*j(z) - 6*k(z). Calculate i(d).
-4
Let l(y) = y**3 + 6*y**2 - 9*y - 6. Let a be l(-7). Let j(o) = o - 1. Let c(t) = -1971 - 6*t + 990 + 987. Let z(n) = a*j(n) + c(n). Calculate z(-2).
-6
Let w(s) = -s**3 - 39*s**2 + 90*s + 342. Let f be w(-41). Let y(o) = o**3 - 13*o**2 - 13*o - 43. Determine y(f).
-29
Let g(m) = 3*m + 22. Suppose -71 = j - 3*d, -2*j - 7*d = -10*d + 157. Let b = j - -78. Give g(b).
-2
Suppose -4*n = -3*b + 10, 0 = -n - 4 + 3. Let m(o) = 43 - 22 + b*o - 22. Give m(-1).
-3
Let l(t) = 4*t + 9. Suppose a = -y + 50, -53 + 291 = 5*a + y. Let z = a + -30. Let c(i) = 12*i + 27. Let h(p) = z*l(p) - 6*c(p). Calculate h(-6).
15
Let x(q) = -q**3 - q**2 + 3*q - 9. Let f = 57 - 65. Let v be ((-6)/f)/(15/(-60)). Calculate x(v).
0
Let x(v) be the second derivative of -v**4/12 + 5*v**3 - 14*v**2 - 143*v - 20. What is x(29)?
1
Suppose 0 = -2*s + 3*x + x - 4, -4*s = -2*x - 4. Let l(o) = 6*o + 8*o**s - 14 + 18 - 9*o**2. Give l(7).
-3
Let i(h) be the second derivative of -h**5/20 - h**4/3 + 4*h**3/3 - 17*h**2/2 + 8929*h. Calculate i(-6).
7
Let r(v) = v**2 + v - 2. Let b(c) = -c**2 - 16*c - 34. Let w be b(-14). Give r(w).
28
Let u(b) = 0*b + 4*b + 10*b**3 - 1 - b**2 - 11*b**3. Let x(f) = f**3 - 21*f**2 - 2*f + 39. Let y be x(21). What is u(y)?
5
Let r(p) = 15*p**2 + 3*p. Let x be r(-1). Let s(c) = -c - c**3 + 12*c**2 - 2*c + 2*c + 4. What is s(x)?
-8
Suppose -36 = 3*h - 51. Suppose -2*j - a + 16 = 4*a, 0 = -h*a. Let i(f) = -f**3 + 9*f**2 - 11*f + 12. What is i(j)?
-12
Let b be -4 + (7 - 2 - -1). Let v be 10/35 - (-48)/28. Let o(n) = -67 + 0*n**b + n**v + 66 - n. Calculate o(-1).
1
Let n(o) = -o**2 - 40*o + 3*o + o - 6 + 20*o. Give n(0).
-6
Let p(g) = -7*g**2 - 10*g + 8. Let u(o) = -o**2 - o + 1. Let j(y) = p(y) - 6*u(y). Suppose -860*k = -893*k - 165. What is j(k)?
-3
Let v = -73 - -86. Suppose -6*q + 43 = v. Let g(c) be the second derivative of c**3/6 - 4*c**2 + c. What is g(q)?
-3
Let i be (4/6)/((-50)/75). Let p(r) = r**2 - 5*r + 1. Let q(s) = 6*s - 3*s + 3*s - 7*s. Let n(b) = p(b) - 6*q(b). Give n(i).
1
Let f(c) = c**3 + c**2 - 3*c - 1. Suppose v - 19 = -72. Let i = v - -56. Let g be 11/i + (-2)/3. What is f(g)?
26
Let r = 2398 - 9591/4. Let n(c) be the first derivative of 0*c**2 + 0*c + 6 - r*c**4 + c**3. Give n(3).
0
Let s(o) be the first derivative of -o**4/4 + 2*o**3 - 5*o**2/2 + 8. Suppose 0 = -4*v - 10 + 150. Suppose -5*b - 2*b = -v. Calculate s(b).
0
Let u be (3 + -3 - -5) + 20/5. Let w be (u/12)/((-6)/(-16) + 0). Let d(a) be the first derivative of a**4/4 + a**3/3 + a - 1. Give d(w).
13
Let a(l) = 11*l - 16. Let m = 6018 - 6022. Give a(m).
-60
Suppose -n + 48 = n. Let r be 3/(n/(-10))*-4. Suppose -r*y - 4*l + 41 = 11, -25 = -y + 3*l. Let c(d) = d**3 - 11*d**2 + 11*d - 5. What is c(y)?
5
Let b(n) = n**3 - 6*n**2 + n + 6. Suppose 0 = 3*s - 1136 - 109. Let w = -409 + s. Calculate b(w).
12
Let q = 4233 + -4235. Let x(c) = c**3 + 6*c**2 + 1. Calculate x(q).
17
Let r(d) = -3*d - 3. Let c = -118 + 403. Suppose 0 = 7*u + c - 327. Determine r(u).
-21
Let o be 1206/(-414) + (-4)/46. Let x(k) = 8*k + 28. What is x(o)?
4
Let u(r) be the first derivative of -r**2/2 - 33*r + 2036. What is u(-20)?
-13
Let u(j) = 3*j**2 + j - 1. Let g(o) = -o**3 + 4*o - 174. Let k be g(0). Let n = k - -175. Give u(n).
3
Let t = 238 - 236. Let a(d) = -t - 1 - 333*d**2 - d + 161*d**2 - d**3 + 162*d**2. Determine a(-10).
7
Let c(l) = -3*l - 157. Let a(b) = -4*b - 222. Let d(s) = 5*a(s) - 7*c(s). Suppose 2 = -n - 2*u, 3*u = n - 2 - 1. Give d(n).
-11
Let z(c) be the second derivative of c**6/40 + c**5/60 - c**3/3 + 5*c**2/2 - c - 14. Let y(s) be the second derivative of z(s). What is y(-2)?
32
Let t(m) = 8*m**2 + 26*m - 24. Let p(a) = 7*a**2 + 22*a - 23. Let l(n) = -5*p(n) + 4*t(n). What is l(3)?
-26
Let f(v) = 6*v**2 - 31*v - 31. Let g(y) = 4*y + 57*y**2 + 2*y + 6 - 58*y**2. Let k(p) = 2*f(p) + 11*g(p). Give k(-3).
1
Let a(u) = 39 - 92 + u + 42. Give a(20).
9
Suppose 180 = 5*y - 90. Let j = 56 - y. Let d be (-2 + 0)*(j + -5). Let z(x) = -x**2 + 3*x + 4. What is z(d)?
-14
Let w(o) = 20*o**2 + 26*o - 1. Let l(y) = 103*y + 1235. Let z be l(-12). Determine w(z).
-7
Let o(y) = -4*y - 2. Let v(c) = c**2 - 23*c + 25. Let u be (-88)/(-10)*(-5)/(-2). Let k be v(u). Determine o(k).
-14
Let m(o) = -100*o - 104*o + 208*o - 14. Calculate m(17).
54
Let b(f) = -38*f + 6. Let l(w) = -11*w + 426 - 425 + 4*w. Let o(u) = -6*b(u) + 34*l(u). What is o(-5)?
48
Let g(s) = 8*s. Let y(t) be the first derivative of -t + 7/2*t**2 - 13. Let u(p) = -3*g(p) + 4*y(p). Calculate u(5).
16
Let a be 54/90*5/18. Let d(u) be the second derivative of -3*u + a*u**3 + u**2 + 0. What is d(-1)?
1
Suppose -6*w + 222 = 35*w - 4*w. Let q(s) = -s**3 + 4*s**2 + 13*s - 7. Give q(w).
-1
Suppose -268 = 296*f - 363*f. Let b(v) be the third derivative of 0*v - 8 - 1/24*v**f - 5/6*v**3 + 4*v**2. Calculate b(-12).
7
Suppose 23 = 47*f - 49*f + 3*z, -5*z - 6 = 3*f. Let p(x) = x + 10. Give p(f).
3
Let s(g) = 5*g + 1139 + 8*g + 9*g + g**2 - 1119. Calculate s(-18).
-52
Let w(o) be the first derivative of -4*o**3/3 + 15*o**2 - 5*o + 3. What is w(7)?
9
Let d(r) = r**2 + 0*r - r + 27 - 27. Let y(o) = -o**3 - 5*o + 4. Let q(k) = -5*d(k) + y(k). Give q(-3).
-14
Let b(c) = c**2 + 4*c + 3. Let g = 390 + -87. Let o = g + -307. What is b(o)?
3
Suppose 2*n + 5*v = 76, 4*n + 4*v - 124 = v. Let a(m) = 13 - m**2 - 7*m + m**3 - n + 8*m**2 + 14. Give a(-8).
-9
Let c(g) = -36*g + 174. Let z(w) = -22*w + 107. Let m(h) = 8*c(h) - 13*z(h). Let r(q) = -q**2 - 3*q. Let k be r(-3). Give m(k).
1
Let a(b) = -b + 4. Let h = -28 - -30. Let i be (-2)/h*(-33 - (-9)/3). Suppose -2*w + i = 8*w. Give a(w).
1
Let l(r) = 10*r**2 - 34*r + 81. Let a(m) = 3*m**2 - 12*m + 27. Let b(h) = 7*a(h) - 2*l(h). What is b(15)?
12
Let a(x) = -x**2 + 24*x + 23. Let s be a(23). Let m = 49 - s. Let b(p) = p**m + 2*p + 7 - 127*p**2 - 3*p + 121*p**2. Give b(6).
1
Let b(y) = y**2 - 5*y - 3. Let k be (-9*(-1)/3)/(12/8). Suppose -d = k*i - 3 - 6, 15 = 3*d. Suppose 0 = -i*c - 4*g + 16, -28 = -4*c + 3*g - 7. What is b(c)?
3
Let k(i) be the third derivative of -i**4/2 + i**3/2 + 2*i**2 + 101*i. What is k(-1)?
15
Let f = 592 + -589. Let k(i) = 37*i**2 - 20*i**2 + 1 - 19*i**2. Determine k(f).
-17
Let o(i) = -1 - 43987*i**2 + 43989*i**2 + 3*i - 6*i - i**3 + 4. Suppose -2*h = -7 + 3. What is o(h)?
-3
Let i be 35/25 - 6/(-10). Suppose -13 = -5*p + 2*c, 2*c - 5 - 3 = -i*p. Let v(r) = 6*r**2 + p + 0*r**2 - r**3 + 4*r**2 - 2*r + 7. Determine v(10).
-10
Let g = -138 - -144. Let v(z) = -5*z**3 - 13*z**2 - 7. Let q(c) = 3*c**3 + 2*c**2 + 12*c**2 + c + 7 + 0*c + 3*c**3. Let d(u) = 6*q(u) + 7*v(u). Give d(g).
-7
Suppose -26 = 8*o + 78. Let h be (1 - 1 - (o - -14)) + 3. Let x(t) = 0*t**2 - 7*t - t**h + 2*t**2 + 13*t - 3. Determine x(-4).
-11
Let b(l) be the second derivative of l**4/12 - 8*l**3/3 - 11*l**2/2 + 118*l + 6. Determine b(13).
-50
Suppose -134 + 149 = 3*y. Let v = 7 + -4. Let n(o) = -3*o + o - v + 5. What is n(y)?
-8
Let i(c) = 4*c**2 + 18*c + 48. Let d(y) = 2*y**2 + 16*y + 48. Let r(k) = -3*d(k) + 2*i(k). Give r(-3).
6
Let k(z) = z**2 - 14*z + 4. Let t be k(-18). Suppose 2*g - 5*q = -18, -3*g + 19 = 2*q + 2*q. Let a(d) = -t*d - 4 - g + 582*d. Calculate a(5).
5
Suppose -4*c + k + 4*k + 13 = 0, 0 = 3*c - 3*k - 6. Let j(s) = -1 - 1 - 2*s + 3. Let l(z) = z. Let q(g) = -3*j(g) - 5*l(g). Give q(c).